{"id":67845,"date":"2016-11-14T05:25:39","date_gmt":"2016-11-14T04:25:39","guid":{"rendered":"https:\/\/www.pradorey.es\/p\/pradorey-rosado-fermentado\/"},"modified":"2025-02-14T12:40:44","modified_gmt":"2025-02-14T11:40:44","slug":"pradorey-rosado-fermentado","status":"publish","type":"product","link":"https:\/\/pradorey.es\/fr\/vinos-pradorey-fr\/pradorey-rosado-fermentado\/","title":{"rendered":"PRADOREY Rosado"},"content":{"rendered":"<p data-start=\"0\" data-end=\"262\"><strong data-start=\"0\" data-end=\"13\">Propri\u00e9t\u00e9<\/strong><br data-start=\"13\" data-end=\"16\" \/>520 hectares de vignoble propre<br data-start=\"47\" data-end=\"50\" \/>Altitude moyenne : 813 m<br data-start=\"74\" data-end=\"77\" \/>Vendange manuelle<br data-start=\"94\" data-end=\"97\" \/>Raisins des 8 parcelles. S\u00e9lection des raisins les plus m\u00fbrs pour obtenir une plus grande structure<br data-start=\"196\" data-end=\"199\" \/>Tempranillo, Merlot et Albillo Mayor<br data-start=\"235\" data-end=\"238\" \/>Fermentation spontan\u00e9e<\/p>\n<p data-start=\"264\" data-end=\"312\"><strong data-start=\"264\" data-end=\"275\">\u00c9levage<\/strong><br data-start=\"275\" data-end=\"278\" \/>2 mois en f\u00fbts de ch\u00eane fran\u00e7ais<\/p>\n<p data-start=\"314\" data-end=\"677\"><strong data-start=\"314\" data-end=\"329\">D\u00e9gustation<\/strong><br data-start=\"329\" data-end=\"332\" \/><strong data-start=\"332\" data-end=\"339\">\u0152IL<\/strong> : Rose framboise intense, propre et tr\u00e8s brillant<br data-start=\"389\" data-end=\"392\" \/><strong data-start=\"392\" data-end=\"399\">NEZ<\/strong> : Haute concentration aromatique de fruits rouges des bois, tr\u00e8s \u00e9l\u00e9gants, avec un fond toast\u00e9 et de vanille apport\u00e9 par le passage en f\u00fbt<br data-start=\"538\" data-end=\"541\" \/><strong data-start=\"541\" data-end=\"551\">BOUCHE<\/strong> : D\u00e9licieux, cr\u00e9meux et plein de souvenirs. Passage en bouche long et persistant avec de nombreux ar\u00f4mes en r\u00e9tro-olfaction<\/p>\n<p data-start=\"679\" data-end=\"807\"><strong data-start=\"679\" data-end=\"703\">Accords mets et vins<\/strong><br data-start=\"703\" data-end=\"706\" \/>Tartare de poissons<br data-start=\"725\" data-end=\"728\" \/>Riz caldoso et fideu\u00e1<br data-start=\"749\" data-end=\"752\" \/>Risotto aux morilles et foie gras<br data-start=\"785\" data-end=\"788\" \/>Sardines grill\u00e9es<\/p>\n<p data-start=\"809\" data-end=\"892\" data-is-last-node=\"\"><strong data-start=\"809\" data-end=\"824\">R\u00e9compenses<\/strong><br data-start=\"824\" data-end=\"827\" \/>M\u00e9daille de bronze, Decanter 2016<br data-start=\"860\" data-end=\"863\" \/>M\u00e9daille d&rsquo;argent, AMAVI 2016<\/p>\n","protected":false},"excerpt":{"rendered":"<p>2 mois en f\u00fbts de ch\u00eane fran\u00e7ais<\/p>\n","protected":false},"featured_media":67640,"template":"","meta":{"_acf_changed":false},"product_brand":[],"product_cat":[416],"product_tag":[514,534],"class_list":{"0":"post-67845","1":"product","2":"type-product","3":"status-publish","4":"has-post-thumbnail","6":"product_cat-vinos-pradorey-fr","7":"product_tag-urbanita-fr","8":"product_tag-vino-rosado-fr","10":"first","11":"outofstock","12":"taxable","13":"shipping-taxable","14":"purchasable","15":"product-type-simple"},"acf":[],"_links":{"self":[{"href":"https:\/\/pradorey.es\/fr\/wp-json\/wp\/v2\/product\/67845","targetHints":{"allow":["GET"]}}],"collection":[{"href":"https:\/\/pradorey.es\/fr\/wp-json\/wp\/v2\/product"}],"about":[{"href":"https:\/\/pradorey.es\/fr\/wp-json\/wp\/v2\/types\/product"}],"version-history":[{"count":1,"href":"https:\/\/pradorey.es\/fr\/wp-json\/wp\/v2\/product\/67845\/revisions"}],"predecessor-version":[{"id":167646,"href":"https:\/\/pradorey.es\/fr\/wp-json\/wp\/v2\/product\/67845\/revisions\/167646"}],"wp:featuredmedia":[{"embeddable":true,"href":"https:\/\/pradorey.es\/fr\/wp-json\/wp\/v2\/media\/67640"}],"wp:attachment":[{"href":"https:\/\/pradorey.es\/fr\/wp-json\/wp\/v2\/media?parent=67845"}],"wp:term":[{"taxonomy":"product_brand","embeddable":true,"href":"https:\/\/pradorey.es\/fr\/wp-json\/wp\/v2\/product_brand?post=67845"},{"taxonomy":"product_cat","embeddable":true,"href":"https:\/\/pradorey.es\/fr\/wp-json\/wp\/v2\/product_cat?post=67845"},{"taxonomy":"product_tag","embeddable":true,"href":"https:\/\/pradorey.es\/fr\/wp-json\/wp\/v2\/product_tag?post=67845"}],"curies":[{"name":"wp","href":"https:\/\/api.w.org\/{rel}","templated":true}]}}

<p data-start="0" data-end="262"><strong data-start="0" data-end="13">Propriété</strong><br data-start="13" data-end="16" />520 hectares de vignoble propre<br data-start="47" data-end="50" />Altitude moyenne : 813 m<br data-start="74" data-end="77" />Vendange manuelle<br data-start="94" data-end="97" />Raisins des 8 parcelles. Sélection des raisins les plus mûrs pour obtenir une plus grande structure<br data-start="196" data-end="199" />Tempranillo, Merlot et Albillo Mayor<br data-start="235" data-end="238" />Fermentation spontanée</p>
<p data-start="264" data-end="312"><strong data-start="264" data-end="275">Élevage</strong><br data-start="275" data-end="278" />2 mois en fûts de chêne français</p>
<p data-start="314" data-end="677"><strong data-start="314" data-end="329">Dégustation</strong><br data-start="329" data-end="332" /><strong data-start="332" data-end="339">ŒIL</strong> : Rose framboise intense, propre et très brillant<br data-start="389" data-end="392" /><strong data-start="392" data-end="399">NEZ</strong> : Haute concentration aromatique de fruits rouges des bois, très élégants, avec un fond toasté et de vanille apporté par le passage en fût<br data-start="538" data-end="541" /><strong data-start="541" data-end="551">BOUCHE</strong> : Délicieux, crémeux et plein de souvenirs. Passage en bouche long et persistant avec de nombreux arômes en rétro-olfaction</p>
<p data-start="679" data-end="807"><strong data-start="679" data-end="703">Accords mets et vins</strong><br data-start="703" data-end="706" />Tartare de poissons<br data-start="725" data-end="728" />Riz caldoso et fideuá<br data-start="749" data-end="752" />Risotto aux morilles et foie gras<br data-start="785" data-end="788" />Sardines grillées</p>
<p data-start="809" data-end="892" data-is-last-node=""><strong data-start="809" data-end="824">Récompenses</strong><br data-start="824" data-end="827" />Médaille de bronze, Decanter 2016<br data-start="860" data-end="863" />Médaille d&rsquo;argent, AMAVI 2016</p>

<p>2 mois en fûts de chêne français</p>
